*w = 11. What are the prime factors of j?
31
Suppose -40*f + 36*f = -492. List the prime factors of f.
3, 41
Let a(h) = 4. Let n(r) = r + 5. Let c(w) = -6*a(w) + 5*n(w). Let t(s) = -s**3 - 3*s**2 + 3*s - 3. Let x be t(-4). What are the prime factors of c(x)?
2, 3
Let x = 15 - 3. What are the prime factors of x?
2, 3
Let c = 27 + 11. What are the prime factors of c?
2, 19
Let p = -91 + 171. List the prime factors of p.
2, 5
Let i(u) = -u**2 + 16*u + 2. List the prime factors of i(15).
17
Let r(x) = -9*x - 7*x + 5*x**2 + 13*x. What are the prime factors of r(2)?
2, 7
What are the prime factors of (24/7)/(14/147)?
2, 3
Suppose -11*x = -12*x + 19. List the prime factors of x.
19
Suppose -2*g - 2*m + 5*m = -27, 2*m = -2. Suppose 0 = 2*j + j - g. Suppose j*a - 3*a - 8 = 0. What are the prime factors of a?
2
Let t(v) be the third derivative of -v**6/120 - v**5/30 + v**2. Let c be 3 - (7 - 3) - 2. List the prime factors of t(c).
3
Let v(s) = 3*s**2 + s + 5. List the prime factors of v(-5).
3, 5
Let i(q) = 2*q**3 - q**2 - 3*q - 1. What are the prime factors of i(4)?
3, 11
Let j(g) = 8*g + 4. Let a be j(7). Suppose -4*z + 41 = -3*w, -w - 4*w = 5*z - a. What are the prime factors of z?
11
Let m(o) = o**3 - 10*o**2 - 5. Let n be m(10). Let d(c) = c**3 + 5*c**2 - 4*c - 4. Let s be d(n). List the prime factors of (-9)/4*s/(-3).
2, 3
Let k(j) = 20*j + 7. Let m be k(4). Suppose -4*n = -5 - m. What are the prime factors of n?
23
Suppose 0 = 2*n + 3*k - 17 + 3, 0 = -5*n - k + 48. List the prime factors of n.
2, 5
Let f(x) = -312 + 40*x + 312. What are the prime factors of f(1)?
2, 5
Let i(b) = 2*b - 7. Suppose 0*w + 18 = 3*w. Let k be i(w). Suppose -2*g - 27 = -k*g. What are the prime factors of g?
3
Let u = 8 + -2. Suppose 4*x - j = 9, -4*j - u = -x - 0*j. Suppose 5*d = x*b - 4*b + 46, 3*d = -b + 25. What are the prime factors of b?
13
Suppose -2*j + 2*q - 174 = -4*j, -j = 3*q - 89. List the prime factors of j.
2, 43
Let c(y) = -y**2 - 32*y - 51. List the prime factors of c(-19).
2, 7
Let z be 1/(-2)*3*2. Let t = 3 + z. Suppose t = 3*g - g - 16. What are the prime factors of g?
2
Let b(k) = -k - 1. Let a be b(-5). List the prime factors of (6/a)/(12/80).
2, 5
Suppose 2*s = -2*q + 98, -s = 3*q + 3*s - 147. What are the prime factors of q?
7
Suppose 0 = 5*y - 0*a + 2*a - 198, 4*y - 158 = -2*a. List the prime factors of y.
2, 5
Let n = 12 - 9. Suppose n - 21 = -3*o + 5*x, 0 = -5*o - 2*x + 61. List the prime factors of o.
11
Suppose 3*k - 73 - 74 = 0. What are the prime factors of k?
7
Let o = 5 - -10. List the prime factors of (o - 0)*20/12.
5
List the prime factors of 1 + (-2 - (-2 + 2)) - -14.
13
Let q(c) = -4*c - 7. Let l be q(-8). Suppose -3*d + 20 = -l. List the prime factors of d.
3, 5
Let y = -62 - -93. List the prime factors of y.
31
Let o = -79 - -128. Suppose 2*r + 17 = o. List the prime factors of r.
2
Let t = -4 - -4. Suppose t = 4*a - 31 - 13. Suppose p - 15 = 6*p, 2*d + p - a = 0. What are the prime factors of d?
7
Let v be 0 + -3 + 3 - -3. Let m = -3 + v. Suppose m = -i - 0 + 5. List the prime factors of i.
5
Let k be ((-39)/9)/(2/(-6)). What are the prime factors of k/2 - (-1)/2?
7
Let y(d) = -d**3 + 5*d**2 + 7*d - 5. Let o be y(6). Let p(h) = 28*h**2. Let j be p(o). Suppose i = 4*r - 28, j = 4*r + 3*i - 2*i. List the prime factors of r.
7
Let j(n) = -n**3 + 8*n**2 - 3*n - 3. List the prime factors of j(3).
3, 11
Let l be -1*(6 - (1 - 2)). Let c = 4 + l. List the prime factors of (-1)/(c + (-24)/(-9)).
3
Let m be (-2)/(4/26) + 0. Let l(x) = -x**2 - 5*x - 17. Let s be l(-7). Let k = m - s. List the prime factors of k.
2, 3
Let u = 28 + 32. Suppose -q - u = -6*q. What are the prime factors of q?
2, 3
Let c be (-357)/(-28) + (-1)/(-4). Let p = -2 + 3. Suppose -c + p = -2*a. List the prime factors of a.
2, 3
Let c = -21 + 175. What are the prime factors of c?
2, 7, 11
Let s(b) = b**3 + 9*b**2 + 11*b + 15. Let y be s(-8). Let v = 0 - 2. List the prime factors of 9*(v + y/(-3)).
3
Let q(k) = k - 3*k - 2*k - 2. What are the prime factors of q(-4)?
2, 7
Let u(q) = -6*q + 3. Let s(c) = 12*c - 6. Let d(k) = 4*s(k) + 7*u(k). What are the prime factors of d(9)?
3, 17
Suppose p + 4 = 0, 5*q - 5*p = -0*q + 30. Suppose q*l - 7*l - 30 = 0. Let y(s) = -3*s - 6. What are the prime factors of y(l)?
2, 3
Let t be -2 - 0 - -1*9. Suppose -3*z + t + 5 = 0. Suppose 4*h + 24 = 4*n, n + z*n + 3*h - 46 = 0. List the prime factors of n.
2
Suppose -4*u + 67 + 83 = -2*w, 27 = u - 4*w. List the prime factors of u.
3, 13
Let t = 13 - 0. Let p(c) = -c**3 + 12*c**2 + 13*c + 3. Let f be p(t). Let g(y) = y**2 + 4*y + 1. List the prime factors of g(f).
2, 11
Suppose 0 = -2*m + 6, -3*m + 7*m + 138 = 5*d. List the prime factors of d.
2, 3, 5
Let p = -9 - -33. Suppose 5*w - w = p. List the prime factors of w.
2, 3
Let d be (5/(-10))/(1/(-28)). List the prime factors of d + -2 + 3 - 2.
13
Let g(n) = -3*n**2 + n + 6*n**3 + 3*n**2 + 2*n**3 - 1. What are the prime factors of g(1)?
2
Let o(s) = -1 - 2 - 4*s**3 - 4*s**2 + 3*s**3 + s. List the prime factors of o(-5).
17
Let i(q) = q**2 + 7*q + 8. Let o be i(-6). What are the prime factors of o/(2*(-3)/(-27))?
3
Suppose 0 = 14*v - 12*v - 362. What are the prime factors of v?
181
Let w be (-1 - -1)/(0 + -1). Suppose 5*i + w*i = 50. What are the prime factors of i?
2, 5
Let i = 30 - 24. What are the prime factors of i?
2, 3
Let q(p) = 52*p**2 + 1. Suppose 3 = -0*t - 3*t. List the prime factors of q(t).
53
Let c(l) = -5*l**2 - 4*l**2 + 3 + 2*l**2 - 8*l + l**3. Let n be c(8). Suppose 4*z + 0*m = m + 36, -3*z + 18 = -n*m. List the prime factors of z.
2, 5
Suppose 4*y - 5*l - 103 = 3*y, -y + 4*l + 100 = 0. List the prime factors of y.
2, 11
Let r(m) = -m**3 - 8*m**2 + m - 3. Let k be r(-8). Suppose 3*l = 5*l + 2. What are the prime factors of l + 2 + (-3 - k)?
3
Suppose 3*t - y - 11 = 0, 0 = -5*t - 3*y - 5 - 0. Let x(c) = 4 - c - t + 0. List the prime factors of x(-6).
2
Suppose u + 41 = 3*g + 2*u, -5*u = -25. What are the prime factors of g?
2, 3
Suppose -2*a = a - 9. Suppose -3*o + 25 = 2*o. Suppose 4 = q - o*d - 10, -q + 6 = a*d. What are the prime factors of q?
3
Let d be -13*1 + (-24)/(-8). Let x(m) = -2*m + 10. Let v be x(d). Suppose 4*g - v = 10. What are the prime factors of g?
2, 5
Let v be ((-32)/24)/((-4)/6). Suppose -v*g - 22 = -3*g. List the prime factors of g.
2, 11
Suppose -334 = p - 4*p - 4*i, 5*i = 3*p - 325. List the prime factors of p.
2, 5, 11
Let s(f) = 4*f**2 - 5*f + 7. Let k(b) = -9*b**2 + 11*b - 15. Let c(r) = 3*k(r) + 7*s(r). List the prime factors of c(0).
2
What are the prime factors of ((-1)/(-2))/(2/280)?
2, 5, 7
Let a = 68 - 35. Suppose 0 = -2*z - 0*z + 6, 0 = -3*m + 3*z + a. Suppose 0 = 5*h - j + 2*j - 13, -m = -4*h + j. List the prime factors of h.
3
What are the prime factors of (-1343)/34*(-6 - 0)?
3, 79
Suppose -33 + 9 = -4*g. Let z = -19 + g. Let c = 21 + z. List the prime factors of c.
2
Let w(k) = -4*k**3 - 2*k**2 + 3*k + 1. Let q(d) = -7*d**3 - 3*d**2 + 6*d + 3. Let f(l) = -3*q(l) + 5*w(l). What are the prime factors of f(3)?
5
Let s be 0 - 2 - 12/(-2). Suppose 0 = 5*d - 2*q - 22, 3*q = -2*d - q + s. What are the prime factors of d?
2
Let g(t) = -t**3 + 4*t**2 + 6*t - 9. List the prime factors of g(4).
3, 5
Suppose 786 - 46 = 4*r. What are the prime factors of r?
5, 37
Let j(s) = -s**2 + 9*s - 10. Suppose 4*y - 5 + 29 = 0. Let n = y - -13. List the prime factors of j(n).
2
Let k(a) = a**3 + 10*a**2 - 7*a + 5. Let o be k(-11). Let t = 28 + o. Let y(b) = -b - 5. What are the prime factors of y(t)?
2, 3
Let q(l) = -l**3 + 7*l**2 - 2*l + 8. Suppose -3*d = -2*d - 7. Let v be q(d). Let z(c) = -c**3 - 7*c**2 - 7*c + 5. List the prime factors of z(v).
11
Suppose 31 = 4*o - 65. List the prime factors of o.
2, 3
Let z be 1 + (3 - 1) + -3. Suppose -2*j - 3*j + 25 = z. What are the prime factors of j?
5
Suppose 11 = o + 5*h - 1, -4*o - 2*h - 24 = 0. Let s(d) = d**2 + 8*d + 4. What are the prime factors of s(o)?
2
Suppose 0*u + 390 = 5*u. What are the prime factors of u?
2, 3, 13
Let d(v) = 2*v - 14. Let x(w) = w. Let m(q) = d(q) + x(q). What are the prime factors of m(10)?
2
Suppose 6*n - 2*n = -144. What are the prime factors of n/20*30/(-9)?
2, 3
What are the prime factors of (3 - 4)*(-36)/2?
2, 3
Let u(o) = o + 6. L